= 3*p - 83265. What is the ten thousands digit of t?
4
Let c be ((-60)/25)/((-12)/90). Suppose c*l - 1050 - 264 = 0. What is the tens digit of l?
7
Let s be (11/9 - 1) + (-18560)/90. Let w be 1/(-4) - (-3717)/(-12). Let r = s - w. What is the hundreds digit of r?
1
Let o = 36486 - 11851. What is the thousands digit of o?
4
Let u(m) = -5*m**2 - 1. Let v be u(-1). Let t = -166 - v. Let y = t + 242. What is the tens digit of y?
8
Let z = 879 - 506. Let s = z - 242. What is the units digit of s?
1
Suppose -5*k = 2*u - 2340, 2*k - u = 733 + 203. Suppose -k = -4*o + 76. What is the units digit of o?
6
Let l(h) = -h**3 + 8*h**2 - 4*h - 8. Let g be l(4). Suppose g = -4*z + 572. What is the units digit of z?
3
Suppose 2*y - 5*b + 422 = 0, -16*b = 5*y - 12*b + 989. Let p(n) = -92*n - 5. Let v be p(-4). Let m = v + y. What is the tens digit of m?
6
Let c(i) = -1044*i + 2081. What is the hundreds digit of c(-15)?
7
Let m = -393 + 552. Suppose -19*p = -6*p + 1222. Let h = p + m. What is the units digit of h?
5
What is the tens digit of ((-81024)/9)/(23/(414/(-12)))?
0
What is the thousands digit of 12/(-2)*1/2 + 2000?
1
Let p(l) = -l**3 + 27*l**2 + 80*l + 21. Let k be p(25). Suppose -k = -5*m + 2229. What is the hundreds digit of m?
1
Let f(d) be the first derivative of -d**3/3 + 21*d**2/2 + 36*d - 7. Let y be 5*(23 - 15 - (-8)/(-2)). What is the tens digit of f(y)?
5
Suppose 3062 - 11486 = -3*w. What is the units digit of w?
8
Let y(n) = n**3 - 4*n**2 - 4*n - 3. Let l be y(5). What is the tens digit of (-2)/l - -602 - 5?
9
Suppose -11*n = 42*n + 238926 - 3740742. What is the ten thousands digit of n?
6
Let c(h) = 52*h**2 - 62*h - 7. What is the thousands digit of c(-8)?
3
Let c(a) = -814*a**3 + 2*a**2 + a + 1. Let m(i) = -8*i - 57. Let q be m(-7). Let j be c(q). Suppose -5*n - 211 = -j. What is the hundreds digit of n?
1
Let v(u) = -u**2 - 6*u - 12. Let y be v(7). Let b = 813 + y. What is the hundreds digit of b?
7
What is the hundreds digit of (1471482/72 - 3/12)*1?
4
Let r(v) = 2*v + 20. Let x be r(-6). Suppose -6*s + x*s + 2 = 0. Let i = 80 - s. What is the units digit of i?
1
Let a = 397 + -386. Suppose -d + 564 = z, a*z - 9*z - 2823 = -5*d. What is the tens digit of d?
6
Let f be (15/(-9))/(12/36). What is the tens digit of (-250)/(-4) - f - 4/(-8)?
6
Let o = 45 - 33. Let b be (-48)/(-27) + o/54. Suppose 3*i - i = -k + 59, b*i - 248 = -4*k. What is the tens digit of k?
6
Let w = -1336 - -2068. Let f = -117 + w. What is the tens digit of f?
1
Let k = -402 - -408. Let v(a) = 4*a**3 - 7*a**2 + 8*a + 2. What is the hundreds digit of v(k)?
6
Let x be 4/(-6) - (-5)/(60/(-184)). Let r = x - -77. Suppose 0 = -4*v + 2*n - r + 295, -5*n = -5. What is the tens digit of v?
5
Let n(z) = -449*z + 6. Suppose -8*r - 24 = -8. What is the hundreds digit of n(r)?
9
Let m = 3603 + 963. Suppose 0 = -5*x + m + 4. What is the units digit of x?
4
What is the hundreds digit of (-12)/3 - (-14)/(-4)*(-3678 + -20)?
9
Let o(w) = -w**3 - 4*w**2 - 2*w - 5. Let j be o(-4). Let n be j*3*(-5 - 4). Let p = n + 119. What is the units digit of p?
8
Let t = -57 + 57. Suppose t = 4*q - 12, 0 = -4*z + 3*z - 2*q + 62. What is the units digit of z?
6
Suppose -4*c = m - 27954, -32*c = -27*c - 5*m - 34905. What is the units digit of c?
7
Let b(w) = -1182*w - 8235. What is the units digit of b(-13)?
1
Suppose 5*h - 5*s - 5 = 0, -5*h = -2*h - 5*s - 5. What is the tens digit of -51*(2 + -1)*(h - 6)?
0
Let s be (-2 - -1)/(-4*4/27600). Suppose -s = -30*h + 1995. What is the hundreds digit of h?
1
Let h = 525 + -368. Let l = h + -88. What is the units digit of l - (-1)/(3/(-12))?
5
Suppose -156*b - 4 = -158*b. What is the units digit of (14/3 + -5)/(b/(-6))?
1
Suppose 10*s - 41 = 49. Suppose -2*j - 3 = -s, 5*o - j = 1197. What is the hundreds digit of o?
2
Suppose 18*q - 2108 = 14*q - 4*f, 3*q = -5*f + 1591. Suppose x = 3, -20*x + 22*x + q = 3*j. What is the hundreds digit of j?
1
Let h(m) = m**3 + 5*m**2 + 7*m + 12. Let x be h(-4). Suppose -30*y + 27*y + 441 = x. What is the tens digit of y?
4
Suppose -4*m - 3*r - 123 + 7319 = 0, 0 = 4*m - r - 7212. What is the units digit of m?
2
Suppose 2*d + 3*o + 12 = 0, -2*d - 2*o - 8 = -0*o. Let a = 3163 - 3026. Suppose -j - 2*b = 43 - 165, -j + 3*b + a = d. What is the units digit of j?
8
Suppose 2 = t - 1. Let n = 46 + -31. What is the tens digit of t/n + (-2184)/(-30)?
7
Let s = -125 + 95. What is the tens digit of (-4)/s - (-35783)/165?
1
Suppose -6*p = -106 - 230. Let t = p - 58. What is the units digit of (-275)/(-3) - t/(-3)?
1
Let j be 2/3*(-45)/(-12)*2. Suppose -2*w - w + 2*y = -64, -j*w + 108 = -3*y. Suppose w*h - 985 = 19*h. What is the hundreds digit of h?
1
Let t be 2 - -1 - (-4 + -1244)/6. Let v = t - -362. What is the units digit of v?
3
Suppose -2*t + 16 = 4*q, 2*t = 7*t - q - 62. Let c be (-2*t)/(51/34). What is the units digit of ((-348)/c)/(3/8)?
8
Suppose 8*n - 271 = 97. Let z = 101 - n. Suppose -2*h = -5*s - 67 - z, 3*h - 183 = 5*s. What is the tens digit of h?
6
What is the thousands digit of (4/(-2))/((-10)/101905)?
0
Suppose -n + 9 = 2*d, 0*n - 2*n = -d - 8. Suppose -5*t = n*i + 5, t - 16 = -4*t + 2*i. Suppose -4*f + 54 = -t*f. What is the tens digit of f?
2
Suppose -96*k = 49*k - 5098345. What is the tens digit of k?
6
Let c be (-6)/(-9)*(-135)/(-18). Suppose 0 = -c*a + b + 123, 0 = -3*a - 5*b + 29 + 56. Suppose 22*u + 801 = a*u. What is the hundreds digit of u?
2
Let c = -1115 + 912. Suppose 4*j - 1536 = 8*j. Let t = c - j. What is the hundreds digit of t?
1
Suppose 0 = 35*v + 12458 - 4163. Let k = v + 1832. What is the hundreds digit of k?
5
Let t = 7953 + -263. What is the thousands digit of t?
7
Suppose -4*x - 14 = -c - 39, 5*c + 25 = 0. What is the units digit of x/((-18)/(-12) + -1)?
0
Suppose -13*g = -27 - 25. What is the tens digit of g/18 - 423320/(-342)?
3
Let j(w) = -752 + 385 + 309 + 38*w. Suppose 2*a = 3*z + 5*a - 27, 0 = 5*z + 4*a - 44. What is the hundreds digit of j(z)?
2
Suppose 4*b - q - 36127 = -0*q, 3*b - 27109 = -2*q. What is the tens digit of b?
3
Suppose -13*u = -3*u - 160514 - 159056. What is the hundreds digit of u?
9
Let z = 46 + -45. Suppose 3*y = -y - 4*r - 10052, 3*r = 4*y + 10017. What is the units digit of (y/(-133))/(z/7)?
2
Suppose 190 = -29*d + 19*d. Let l(z) = -z - 15. Let j be l(d). Suppose j*y = 735 + 37. What is the units digit of y?
3
What is the hundreds digit of (6*290/(-45))/(4/(-78))?
7
Suppose 0 = -23*b + 6 + 17. What is the units digit of ((-3905)/(-220))/(b/4)?
1
Suppose -17223 - 48251 = -38*w. Suppose 4*n + f - w = 1407, 5*f = 3*n - 2336. What is the units digit of n?
2
Let c = 881 + -884. What is the units digit of (-3855)/c - (-2 + 2)?
5
Let d = -22550 + 34805. What is the thousands digit of d?
2
Suppose -419 = -3*b + 2*l, 5*l = -2*b - 24 + 278. Suppose p - 6*p = -m - 226, 3*p - 2*m - b = 0. What is the units digit of p?
5
Suppose z + 4*z = 240. Suppose -3*w - 2360 = 25*w - 5720. Suppose 52*y - w = z*y. What is the tens digit of y?
3
Let p = -3919 + 4490. What is the hundreds digit of p?
5
What is the tens digit of (-52468)/(-5) + 296/740?
9
Let g(b) = -b**2 - 29*b - 97. Let t be g(-25). Let v = 81 - 5. Suppose -t*p = -5*p + v. What is the tens digit of p?
3
Let s = 71 - 74. Let c be 6040/24 - (-2)/s. Let n = -135 + c. What is the units digit of n?
6
Let u(v) = -4930*v - 3. Let z be u(-5). Let r be z/91 + (-2)/(-13). Suppose 5*q = r - 16. What is the units digit of q?
1
Let n be (-292)/219 + 53428/3. What is the tens digit of (n/98)/(6/28)?
4
Let q(i) = 3*i**2 + 82*i + 39. Let w be q(-45). Suppose 3*x - w = -6*y + y, -4040 = -5*x - y. What is the tens digit of x?
0
Suppose -4*v + q + 171414 = 0, -73508 = -4*v - 2*q + 97924. What is the units digit of v?
5
Suppose -15*d = -15*d + 11*d - 122980. What is the units digit of d?
0
Let u = -2186 - -2186. Let l be 2 + 2 + 2/2. Suppose u = 5*b, 2*q - q = -l*b + 105. What is the hundreds digit of q?
1
Let a(h) = 20*h + 20. Let q(r) = -6*r + 25. Let w be q(0). Suppose 0 = -5*o + 10*o - w. What is the units digit of a(o)?
0
Let i(b) = -42*b - 46 + 32*b - 48*b. What is the tens digit of i(-10)?
3
Let b(w) = w**3 + 11*w**2 - 29*w + 1. Let z be b(-13). Let a = z - 42. Let p = 203 + a. What is the units digit of p?
1
Suppose -y + 11 = -6. Let w = 